n base 5?
-31134402
What is 64511 (base 8) in base 16?
6949
What is -1a0576 (base 11) in base 2?
-1001011001110110101
What is 10221101221012 (base 3) in base 2?
111111111010100100000
Convert -101a6 (base 13) to base 9.
-43533
-231123110 (base 4) to base 5
-21423233
Convert -213100321 (base 5) to base 3.
-1201012112202
Convert 112002211020011 (base 3) to base 5.
3404330434
b2495 (base 13) to base 7
2500042
Convert 110314242 (base 5) to base 10.
479322
Convert -5045075 (base 8) to base 4.
-11010220331
Convert 22842 (base 15) to base 14.
2c074
a351 (base 16) to base 13
16051
Convert -1561636 (base 9) to base 15.
-121ea0
What is 1102111020212 (base 3) in base 8?
2707560
48219 (base 11) to base 9
115263
2420012 (base 5) to base 12
22067
What is -12022021112 (base 3) in base 8?
-314002
Convert 11111001001011101 (base 2) to base 5.
13040311
Convert 1a768ab (base 12) to base 13.
1222121
Convert -1000201021100 (base 3) to base 14.
-102b18
What is -404022 (base 6) in base 15?
-9722
624520 (base 11) to base 15
14bb44
Convert 2a16 (base 14) to base 7.
30526
43556 (base 12) to base 14
24590
1010110001011000010 (base 2) to base 14
928b8
Convert 978ba (base 14) to base 16.
5985c
What is 1162250 (base 8) in base 14?
84c1a
-1131114 (base 5) to base 14
-7808
What is 27100715 (base 8) in base 16?
5c81cd
What is -264602105 (base 7) in base 12?
-585aa52
500711 (base 13) to base 2
111000101100001111110
What is 230437 (base 9) in base 3?
21000111021
Convert -10000101001100101 (base 2) to base 15.
-15317
What is 35503541 (base 6) in base 16?
10faf5
-24748 (base 11) to base 8
-105261
-23560452 (base 9) to base 11
-6541601
What is 17546253 (base 8) in base 2?
1111101100110010101011
Convert 136365555 (base 7) to base 4.
202113100113
Convert -5017171 (base 8) to base 13.
-3721b9
Convert -ec95c (base 15) to base 5.
-143020422
1275636 (base 8) to base 12
153b3a
Convert -12210011022 (base 3) to base 5.
-12120330
Convert -33651464 (base 7) to base 3.
-12112012211002
What is -800e4a (base 15) in base 2?
-10111001011111100001100
Convert -2200121220202 (base 3) to base 14.
-292d5a
Convert 6132b (base 12) to base 7.
1035062
Convert 1011001101000011 (base 2) to base 7.
250536
10b201 (base 14) to base 11
359059
Convert -430c (base 16) to base 5.
-1022124
What is -734a1 (base 14) in base 7?
-2235461
Convert -2a3c8 (base 14) to base 6.
-2130140
What is 159ee (base 15) in base 2?
10001000001110101
What is 13112322201 (base 4) in base 11?
10a8204
What is c7162 (base 15) in base 6?
21311202
Convert 225576 (base 9) to base 13.
497a9
What is 173128 (base 9) in base 6?
2144342
1344555 (base 7) to base 2
101011110010000011
Convert 2b161 (base 15) to base 4.
201313003
206107 (base 8) to base 14
1b059
What is -74c6c (base 15) in base 12?
-15a619
Convert 26260213 (base 7) to base 6.
123244124
What is -12001101330 (base 4) in base 14?
-2d1180
What is 10100001101111111110 (base 2) in base 9?
1218730
Convert -1072854 (base 9) to base 13.
-173a19
Convert -202d90 (base 14) to base 10.
-1083810
113021133011 (base 4) to base 5
3023140130
What is 1736747 (base 8) in base 10?
507367
-12233333 (base 4) to base 9
-41828
Convert 600677 (base 8) to base 6.
4120143
Convert 19c49 (base 14) to base 2.
1111111111111001
What is -ced745 (base 16) in base 3?
-221111200200111
Convert -28070b (base 13) to base 2.
-11101101010111101100
What is 34632142 (base 8) in base 16?
733462
Convert -33212011332 (base 4) to base 10.
-4088190
What is -101100000111000010100 (base 2) in base 14?
-298a68
Convert -121121103 (base 4) to base 3.
-12021200120
Convert -101101000011011001010011 (base 2) to base 6.
-1101045415
50aa82 (base 15) to base 16
3a7ca5
Convert 101503531 (base 7) to base 4.
112300332211
-15566422 (base 7) to base 3
-2211211202111
What is -74550326 (base 8) in base 9?
-32843684
211122010202 (base 3) to base 4
1230301100
10344344 (base 6) to base 10
309448
Convert -110011010110110110000 (base 2) to base 5.
-412322424
Convert 17037315 (base 10) to base 3.
1012001120210200
1b803 (base 12) to base 16
9fc3
-1042112230 (base 5) to base 16
-231c0c
-4106206 (base 9) to base 8
-10264053
Convert -344153501 (base 6) to base 15.
-859801
Convert -cfcd9 (base 16) to base 15.
-11c2e1
Convert 75684 (base 10) to base 6.
1342220
2253430 (base 7) to base 8
1047063
Convert -d048 (base 16) to base 5.
-3201240
-1001001111100011100 (base 2) to base 4
-1021330130
What is 220000001122 (base 3) in base 13?
137063
What is -10101000000111001111001 (base 2) in base 3?
-101100212120000
What is 68b35 (base 16) in base 6?
13105233
174300 (base 9) to base 3
12111100000
What is c69d6e (base 15) in base 8?
44030266
Convert -1012203003031 (base 4) to base 13.
-3aa68b1
223844 (base 10) to base 14
5b80c
9d716 (base 16) to base 13
1976b8
What is -4c309 (base 16) in base 5?
-34441243
What is 5b71a (base 12) in base 14?
33130
d52d (base 15) to base 13
1766b
1112211110201 (base 3) to base 12
3385b4
-1044 (base 16) to base 2
-1000001000100
Convert -118704 (base 14) to base 4.
-2102120100
11011011001111110011111 (base 2) to base 12
24a56a7
-2300434 (base 5) to base 6
-512344
What is 10881a0 (base 11) in base 9?
3514641
14023324 (base 6) to base 13
135b80
What is -202727 (base 10) in base 9?
-338072
What is -84577 (base 12) in base 8?
-523053
What is 30a67c (base 14) in base 13?
45661c
Convert -110100011100001000 (base 2) to base 4.
-310130020
What is b5227 (base 15) in base 9?
1064631
Convert -18a2543 (base 12) to base 8.
-23625203
-5990393 (base 10) to base 2
-10110110110011111111001
8459912 (base 10) to base 13
19a2886
What is -94926 (base 15) in base 3?
-212221100100
373026 (base 10) to base 15
757d6
-1326615 (base 7) to base 15
-36dc6
Convert 31023103 (base 5) to base 11.
162086
Convert -103212123122 (base 4) to base 15.
-6b7628
Convert 2846 (base 15) to base 2.
10000110101000
Convert -70104 (base 9) to base 11.
-3162a
20320233 (base 5) to base 16
28c1f
What is 2ad5c0 (base 16) in base 6?
140100240
Convert -189b68 (base 14) to base 6.
-30405252
Convert -10010010110100100 (base 2) to base 4.
-102112210
What is 2a3042 (base 12) in base 8?
2553162
What is -101244134 (base 5) in base 3?
-210010000112
What is -30c38e (base 16) in base 5?
-1304231130
Convert -1253218 (base 9) to base 13.
-1ac870
Convert -444101 (base 10) to base 16.
-6c6c5
-5a41a (base 13) to base 15
-34069
Convert 2480612 (base 9) to base 14.
272a3d
-110110011111111111011 (base 2) to base 4
-12303333323
Convert -10961534 (base 10) to base 13.
-236a41c
What is 2554a45 (base 12) in base 5?
3334000323
Convert -141321443 (base 5) to base 14.
-14dc7d
Convert 115a9 (base 14) to base 6.
523441
-133636 (base 8) to base 2
-1011011110011110
3863704 (base 9) to base 8
10026647
Convert 1143244 (base 6) to base 11.
41397
Convert -129ae9 (base 16) to base 12.
-4a9749
65081 (base 12) to base 11
91049
Convert 11112112000 (base 3) to base 6.
1525300
Convert 100101000011101110011 (base 2) to base 8.
4503563
-255245 (base 8) to base 13
-31513
Convert 896945 (base 10) to base 14.
194c37
What is 903a61 (base 11) in base 5?
333022404
Convert -6c21a1 (base 14) to base 13.
-9c4376
Convert 2a4954 (base 11) to base 3.
220010120000
What is -62531222 (base 7) in base 13?
-1125c11
Convert 10400413 (base 7) to base 9.
1607164
What is -18190b (base 14) in base 2?
-11001111011100000111
Convert 2446544 (base 7) to base 14.
8285b
-20021100222001 (base 3) to base 15
-45cb61
-5522311 (base 6) to base 9
-458567
Convert 3326503 (base 7) to base 8.
1441554
Convert 42114213 (base 5) to base 14.
90bb4
What is 13651463 (base 7) in base 8?
4727301
Convert a35c6 (base 13) to base 16.
47958
132222000 (base 4) to base 2
11110101010000000
161747c (base 13) to base 12
2464472
What is 1b95d8 (base 16) in base 3?
10101211212202
What is 102122330020 (base 4) in base 12?
174a634
What is 100111010010010111101 (base 2) in base 4?
10322102331
What is -39804d (base 16) in base 3?
-21002110021021
What is -3001101102 (base 4) in base 14?
-1686d4
What is -124729 (base 12) in base 3?
-120011010120
Convert -329a0 (base 13) to base 6.
-1544400
12e27 (base 16) to base 8
227047
Convert 224341 (base 13) to base 7.
6606523
What is -1131213033 (base 4) in base 11?
-2420a1
Convert -303132121 (base 5) to base 4.
-10222311210
What is -2732515 (base 9) in 